{"id":2323,"date":"2021-06-04T11:18:04","date_gmt":"2021-06-04T09:18:04","guid":{"rendered":"https:\/\/agencemonumentart.com\/?page_id=2323"},"modified":"2021-06-27T15:53:40","modified_gmt":"2021-06-27T13:53:40","slug":"episode-7-sacha-goldberger","status":"publish","type":"page","link":"https:\/\/agencemonumentart.com\/index.php\/episode-7-sacha-goldberger\/","title":{"rendered":"\u00c9pisode 7 : Sacha Goldberger"},"content":{"rendered":"\t\t<div data-elementor-type=\"wp-page\" data-elementor-id=\"2323\" class=\"elementor elementor-2323\" data-elementor-settings=\"[]\">\n\t\t\t\t\t\t<div class=\"elementor-inner\">\n\t\t\t\t\t\t\t<div class=\"elementor-section-wrap\">\n\t\t\t\t\t\t\t<section class=\"elementor-section elementor-top-section elementor-element elementor-element-fb2defd elementor-section-boxed elementor-section-height-default elementor-section-height-default\" data-id=\"fb2defd\" data-element_type=\"section\">\n\t\t\t\t\t\t<div class=\"elementor-container elementor-column-gap-default\">\n\t\t\t\t\t\t\t<div class=\"elementor-row\">\n\t\t\t\t\t<div class=\"elementor-column elementor-col-33 elementor-top-column elementor-element elementor-element-3d1d562\" data-id=\"3d1d562\" data-element_type=\"column\">\n\t\t\t<div class=\"elementor-column-wrap elementor-element-populated\">\n\t\t\t\t\t\t\t<div class=\"elementor-widget-wrap\">\n\t\t\t\t\t\t<div class=\"elementor-element elementor-element-3206cbe elementor-widget elementor-widget-image\" data-id=\"3206cbe\" data-element_type=\"widget\" data-widget_type=\"image.default\">\n\t\t\t\t<div class=\"elementor-widget-container\">\n\t\t\t\t\t<div class=\"elementor-image\">\n\t\t\t\t\t\t\t\t\t\t<img src=\"https:\/\/agencemonumentart.com\/wp-content\/uploads\/elementor\/thumbs\/image002-p85x7wm2vgil5mydvonzq55qmk3l06tlp6ga3l443c.jpg\" title=\"Sacha Goldberger\" alt=\"Sacha Goldberger\" \/>\t\t\t\t\t\t\t\t\t\t\t<\/div>\n\t\t\t\t<\/div>\n\t\t\t\t<\/div>\n\t\t\t\t\t\t<\/div>\n\t\t\t\t\t<\/div>\n\t\t<\/div>\n\t\t\t\t<div class=\"elementor-column elementor-col-66 elementor-top-column elementor-element elementor-element-0744b81\" data-id=\"0744b81\" data-element_type=\"column\">\n\t\t\t<div class=\"elementor-column-wrap elementor-element-populated\">\n\t\t\t\t\t\t\t<div class=\"elementor-widget-wrap\">\n\t\t\t\t\t\t<div class=\"elementor-element elementor-element-b4399b0 elementor-widget elementor-widget-text-editor\" data-id=\"b4399b0\" data-element_type=\"widget\" data-widget_type=\"text-editor.default\">\n\t\t\t\t<div class=\"elementor-widget-container\">\n\t\t\t\t\t<div class=\"elementor-text-editor elementor-clearfix\"><p>Aujourd\u2019hui, je suis particuli\u00e8rement heureuse de vous pr\u00e9senter Sacha Goldberger, photographe.<\/p><p>Il nous parle de ses d\u00e9but dans la photographie, de son premier projet, un livre intitul\u00e9 \u00ab\u00a0Je t&rsquo;aime, tout simplement\u00a0\u00bb, de la s\u00e9rie \u00ab\u00a0Mamika\u00a0\u00bb, et aussi de son projet \u00ab\u00a0Renaissance\u00a0\u00bb, r\u00e9alis\u00e9\u00a0dans le cadre de la charte 1 immeuble 1 oeuvre pour Ardian.\u00a0<\/p><\/div>\n\t\t\t\t<\/div>\n\t\t\t\t<\/div>\n\t\t\t\t\t\t<\/div>\n\t\t\t\t\t<\/div>\n\t\t<\/div>\n\t\t\t\t\t\t\t\t<\/div>\n\t\t\t\t\t<\/div>\n\t\t<\/section>\n\t\t\t\t<section class=\"elementor-section elementor-top-section elementor-element elementor-element-5b2ae92 elementor-section-boxed elementor-section-height-default elementor-section-height-default\" data-id=\"5b2ae92\" data-element_type=\"section\">\n\t\t\t\t\t\t<div class=\"elementor-container elementor-column-gap-default\">\n\t\t\t\t\t\t\t<div class=\"elementor-row\">\n\t\t\t\t\t<div class=\"elementor-column elementor-col-100 elementor-top-column elementor-element elementor-element-11754a6\" data-id=\"11754a6\" data-element_type=\"column\">\n\t\t\t<div class=\"elementor-column-wrap elementor-element-populated\">\n\t\t\t\t\t\t\t<div class=\"elementor-widget-wrap\">\n\t\t\t\t\t\t<div class=\"elementor-element elementor-element-8842118 elementor-widget elementor-widget-spacer\" data-id=\"8842118\" data-element_type=\"widget\" data-widget_type=\"spacer.default\">\n\t\t\t\t<div class=\"elementor-widget-container\">\n\t\t\t\t\t<div class=\"elementor-spacer\">\n\t\t\t<div class=\"elementor-spacer-inner\"><\/div>\n\t\t<\/div>\n\t\t\t\t<\/div>\n\t\t\t\t<\/div>\n\t\t\t\t<div class=\"elementor-element elementor-element-53631f9 elementor-aspect-ratio-169 elementor-widget elementor-widget-video\" data-id=\"53631f9\" data-element_type=\"widget\" data-settings=\"{&quot;youtube_url&quot;:&quot;https:\\\/\\\/youtu.be\\\/wWyl4xhGHyE&quot;,&quot;video_type&quot;:&quot;youtube&quot;,&quot;controls&quot;:&quot;yes&quot;,&quot;aspect_ratio&quot;:&quot;169&quot;}\" data-widget_type=\"video.default\">\n\t\t\t\t<div class=\"elementor-widget-container\">\n\t\t\t\t\t<div class=\"elementor-wrapper elementor-fit-aspect-ratio elementor-open-inline\">\n\t\t\t<div class=\"elementor-video\"><\/div>\t\t<\/div>\n\t\t\t\t<\/div>\n\t\t\t\t<\/div>\n\t\t\t\t<div class=\"elementor-element elementor-element-aea3cc3 elementor-widget elementor-widget-spacer\" data-id=\"aea3cc3\" data-element_type=\"widget\" data-widget_type=\"spacer.default\">\n\t\t\t\t<div class=\"elementor-widget-container\">\n\t\t\t\t\t<div class=\"elementor-spacer\">\n\t\t\t<div class=\"elementor-spacer-inner\"><\/div>\n\t\t<\/div>\n\t\t\t\t<\/div>\n\t\t\t\t<\/div>\n\t\t\t\t\t\t<\/div>\n\t\t\t\t\t<\/div>\n\t\t<\/div>\n\t\t\t\t\t\t\t\t<\/div>\n\t\t\t\t\t<\/div>\n\t\t<\/section>\n\t\t\t\t\t\t<\/div>\n\t\t\t\t\t\t<\/div>\n\t\t\t\t\t<\/div>\n\t\t","protected":false},"excerpt":{"rendered":"<p>Aujourd\u2019hui, je suis particuli\u00e8rement heureuse de vous pr\u00e9senter Sacha Goldberger, photographe. Il nous parle de ses d\u00e9but dans la photographie, de son premier projet, un livre intitul\u00e9 \u00ab\u00a0Je t&rsquo;aime, tout simplement\u00a0\u00bb, de la s\u00e9rie \u00ab\u00a0Mamika\u00a0\u00bb, et aussi de son projet \u00ab\u00a0Renaissance\u00a0\u00bb, r\u00e9alis\u00e9\u00a0dans le cadre de la charte 1 immeuble 1 oeuvre pour Ardian.\u00a0<\/p>\n","protected":false},"author":1,"featured_media":0,"parent":0,"menu_order":0,"comment_status":"closed","ping_status":"closed","template":"","meta":{"spay_email":""},"yoast_head":"<!-- This site is optimized with the Yoast SEO plugin v15.9.1 - https:\/\/yoast.com\/wordpress\/plugins\/seo\/ -->\n<title>\u00c9pisode 7 : Sacha Goldberger - Monumentart<\/title>\n<meta name=\"robots\" content=\"index, follow, max-snippet:-1, max-image-preview:large, max-video-preview:-1\" \/>\n<link rel=\"canonical\" href=\"https:\/\/agencemonumentart.com\/index.php\/episode-7-sacha-goldberger\/\" \/>\n<meta property=\"og:locale\" content=\"fr_FR\" \/>\n<meta property=\"og:type\" content=\"article\" \/>\n<meta property=\"og:title\" content=\"\u00c9pisode 7 : Sacha Goldberger - Monumentart\" \/>\n<meta property=\"og:description\" content=\"Aujourd\u2019hui, je suis particuli\u00e8rement heureuse de vous pr\u00e9senter Sacha Goldberger, photographe. Il nous parle de ses d\u00e9but dans la photographie, de son premier projet, un livre intitul\u00e9 \u00ab\u00a0Je t&rsquo;aime, tout simplement\u00a0\u00bb, de la s\u00e9rie \u00ab\u00a0Mamika\u00a0\u00bb, et aussi de son projet \u00ab\u00a0Renaissance\u00a0\u00bb, r\u00e9alis\u00e9\u00a0dans le cadre de la charte 1 immeuble 1 oeuvre pour Ardian.\u00a0\" \/>\n<meta property=\"og:url\" content=\"https:\/\/agencemonumentart.com\/index.php\/episode-7-sacha-goldberger\/\" \/>\n<meta property=\"og:site_name\" content=\"Monumentart\" \/>\n<meta property=\"article:modified_time\" content=\"2021-06-27T13:53:40+00:00\" \/>\n<meta property=\"og:image\" content=\"https:\/\/agencemonumentart.com\/wp-content\/uploads\/elementor\/thumbs\/image002-p85x7wm2vgil5mydvonzq55qmk3l06tlp6ga3l443c.jpg\" \/>\n<meta name=\"twitter:card\" content=\"summary_large_image\" \/>\n<meta name=\"twitter:label1\" content=\"Dur\u00e9e de lecture est.\">\n\t<meta name=\"twitter:data1\" content=\"1 minute\">\n<script type=\"application\/ld+json\" class=\"yoast-schema-graph\">{\"@context\":\"https:\/\/schema.org\",\"@graph\":[{\"@type\":\"Organization\",\"@id\":\"https:\/\/agencemonumentart.com\/#organization\",\"name\":\"Monumentart\",\"url\":\"https:\/\/agencemonumentart.com\/\",\"sameAs\":[\"https:\/\/www.instagram.com\/agencemonumentart\/?hl=fr\",\"https:\/\/www.linkedin.com\/company\/agence-monumentart\/\"],\"logo\":{\"@type\":\"ImageObject\",\"@id\":\"https:\/\/agencemonumentart.com\/#logo\",\"inLanguage\":\"fr-FR\",\"url\":\"https:\/\/agencemonumentart.com\/wp-content\/uploads\/2021\/01\/cropped-logo-monumentART-03-1.png\",\"width\":512,\"height\":512,\"caption\":\"Monumentart\"},\"image\":{\"@id\":\"https:\/\/agencemonumentart.com\/#logo\"}},{\"@type\":\"WebSite\",\"@id\":\"https:\/\/agencemonumentart.com\/#website\",\"url\":\"https:\/\/agencemonumentart.com\/\",\"name\":\"Agence monumentart\",\"description\":\"\",\"publisher\":{\"@id\":\"https:\/\/agencemonumentart.com\/#organization\"},\"potentialAction\":[{\"@type\":\"SearchAction\",\"target\":\"https:\/\/agencemonumentart.com\/?s={search_term_string}\",\"query-input\":\"required name=search_term_string\"}],\"inLanguage\":\"fr-FR\"},{\"@type\":\"ImageObject\",\"@id\":\"https:\/\/agencemonumentart.com\/index.php\/episode-7-sacha-goldberger\/#primaryimage\",\"inLanguage\":\"fr-FR\",\"url\":\"https:\/\/agencemonumentart.com\/wp-content\/uploads\/elementor\/thumbs\/image002-p85x7wm2vgil5mydvonzq55qmk3l06tlp6ga3l443c.jpg\"},{\"@type\":\"WebPage\",\"@id\":\"https:\/\/agencemonumentart.com\/index.php\/episode-7-sacha-goldberger\/#webpage\",\"url\":\"https:\/\/agencemonumentart.com\/index.php\/episode-7-sacha-goldberger\/\",\"name\":\"\\u00c9pisode 7 : Sacha Goldberger - Monumentart\",\"isPartOf\":{\"@id\":\"https:\/\/agencemonumentart.com\/#website\"},\"primaryImageOfPage\":{\"@id\":\"https:\/\/agencemonumentart.com\/index.php\/episode-7-sacha-goldberger\/#primaryimage\"},\"datePublished\":\"2021-06-04T09:18:04+00:00\",\"dateModified\":\"2021-06-27T13:53:40+00:00\",\"breadcrumb\":{\"@id\":\"https:\/\/agencemonumentart.com\/index.php\/episode-7-sacha-goldberger\/#breadcrumb\"},\"inLanguage\":\"fr-FR\",\"potentialAction\":[{\"@type\":\"ReadAction\",\"target\":[\"https:\/\/agencemonumentart.com\/index.php\/episode-7-sacha-goldberger\/\"]}]},{\"@type\":\"BreadcrumbList\",\"@id\":\"https:\/\/agencemonumentart.com\/index.php\/episode-7-sacha-goldberger\/#breadcrumb\",\"itemListElement\":[{\"@type\":\"ListItem\",\"position\":1,\"item\":{\"@type\":\"WebPage\",\"@id\":\"https:\/\/agencemonumentart.com\/\",\"url\":\"https:\/\/agencemonumentart.com\/\",\"name\":\"Accueil\"}},{\"@type\":\"ListItem\",\"position\":2,\"item\":{\"@type\":\"WebPage\",\"@id\":\"https:\/\/agencemonumentart.com\/index.php\/episode-7-sacha-goldberger\/\",\"url\":\"https:\/\/agencemonumentart.com\/index.php\/episode-7-sacha-goldberger\/\",\"name\":\"\\u00c9pisode 7 : Sacha Goldberger\"}}]}]}<\/script>\n<!-- \/ Yoast SEO plugin. -->","_links":{"self":[{"href":"https:\/\/agencemonumentart.com\/index.php\/wp-json\/wp\/v2\/pages\/2323"}],"collection":[{"href":"https:\/\/agencemonumentart.com\/index.php\/wp-json\/wp\/v2\/pages"}],"about":[{"href":"https:\/\/agencemonumentart.com\/index.php\/wp-json\/wp\/v2\/types\/page"}],"author":[{"embeddable":true,"href":"https:\/\/agencemonumentart.com\/index.php\/wp-json\/wp\/v2\/users\/1"}],"replies":[{"embeddable":true,"href":"https:\/\/agencemonumentart.com\/index.php\/wp-json\/wp\/v2\/comments?post=2323"}],"version-history":[{"count":7,"href":"https:\/\/agencemonumentart.com\/index.php\/wp-json\/wp\/v2\/pages\/2323\/revisions"}],"predecessor-version":[{"id":2449,"href":"https:\/\/agencemonumentart.com\/index.php\/wp-json\/wp\/v2\/pages\/2323\/revisions\/2449"}],"wp:attachment":[{"href":"https:\/\/agencemonumentart.com\/index.php\/wp-json\/wp\/v2\/media?parent=2323"}],"curies":[{"name":"wp","href":"https:\/\/api.w.org\/{rel}","templated":true}]}}