{"id":2301,"date":"2021-06-01T09:10:48","date_gmt":"2021-06-01T07:10:48","guid":{"rendered":"https:\/\/agencemonumentart.com\/?page_id=2301"},"modified":"2021-06-16T11:59:43","modified_gmt":"2021-06-16T09:59:43","slug":"episode-5-tim-zdey","status":"publish","type":"page","link":"https:\/\/agencemonumentart.com\/index.php\/episode-5-tim-zdey\/","title":{"rendered":"\u00c9pisode 5 : Tim Zdey"},"content":{"rendered":"\t\t<div data-elementor-type=\"wp-page\" data-elementor-id=\"2301\" class=\"elementor elementor-2301\" data-elementor-settings=\"[]\">\n\t\t\t\t\t\t<div class=\"elementor-inner\">\n\t\t\t\t\t\t\t<div class=\"elementor-section-wrap\">\n\t\t\t\t\t\t\t<section class=\"elementor-section elementor-top-section elementor-element elementor-element-c8994ed elementor-section-boxed elementor-section-height-default elementor-section-height-default\" data-id=\"c8994ed\" data-element_type=\"section\">\n\t\t\t\t\t\t<div class=\"elementor-container elementor-column-gap-default\">\n\t\t\t\t\t\t\t<div class=\"elementor-row\">\n\t\t\t\t\t<div class=\"elementor-column elementor-col-33 elementor-top-column elementor-element elementor-element-7656a68\" data-id=\"7656a68\" data-element_type=\"column\">\n\t\t\t<div class=\"elementor-column-wrap elementor-element-populated\">\n\t\t\t\t\t\t\t<div class=\"elementor-widget-wrap\">\n\t\t\t\t\t\t<div class=\"elementor-element elementor-element-1780115 elementor-widget elementor-widget-image\" data-id=\"1780115\" data-element_type=\"widget\" data-widget_type=\"image.default\">\n\t\t\t\t<div class=\"elementor-widget-container\">\n\t\t\t\t\t<div class=\"elementor-image\">\n\t\t\t\t\t\t\t\t\t\t<img width=\"602\" height=\"659\" src=\"https:\/\/agencemonumentart.com\/wp-content\/uploads\/2021\/03\/Photo-Tim-3.png\" class=\"attachment-large size-large\" alt=\"\" loading=\"lazy\" srcset=\"https:\/\/agencemonumentart.com\/wp-content\/uploads\/2021\/03\/Photo-Tim-3.png 602w, https:\/\/agencemonumentart.com\/wp-content\/uploads\/2021\/03\/Photo-Tim-3-274x300.png 274w, https:\/\/agencemonumentart.com\/wp-content\/uploads\/2021\/03\/Photo-Tim-3-230x252.png 230w, https:\/\/agencemonumentart.com\/wp-content\/uploads\/2021\/03\/Photo-Tim-3-350x383.png 350w, https:\/\/agencemonumentart.com\/wp-content\/uploads\/2021\/03\/Photo-Tim-3-480x525.png 480w\" sizes=\"(max-width: 602px) 100vw, 602px\" \/>\t\t\t\t\t\t\t\t\t\t\t<\/div>\n\t\t\t\t<\/div>\n\t\t\t\t<\/div>\n\t\t\t\t\t\t<\/div>\n\t\t\t\t\t<\/div>\n\t\t<\/div>\n\t\t\t\t<div class=\"elementor-column elementor-col-66 elementor-top-column elementor-element elementor-element-dc9df77\" data-id=\"dc9df77\" data-element_type=\"column\">\n\t\t\t<div class=\"elementor-column-wrap elementor-element-populated\">\n\t\t\t\t\t\t\t<div class=\"elementor-widget-wrap\">\n\t\t\t\t\t\t<div class=\"elementor-element elementor-element-53440f3 elementor-widget elementor-widget-text-editor\" data-id=\"53440f3\" data-element_type=\"widget\" data-widget_type=\"text-editor.default\">\n\t\t\t\t<div class=\"elementor-widget-container\">\n\t\t\t\t\t<div class=\"elementor-text-editor elementor-clearfix\"><p>Le Podc&rsquo;art \u00e9pisode 5 est disponible ! Dans cet \u00e9pisode, nous recevons Tim Zdey, artiste street art. Il nous parle de son parcours, et de la fresque \u00ab Liesse vagabonde d\u2019un monde riant \u00bb, r\u00e9alis\u00e9e pour une r\u00e9sidence \u00e9tudiante \u00e0 Villejuif par Bouygues et Linkcity, pour laquelle il a remport\u00e9 le prix \u00ab\u00a0un Immeuble une oeuvre en 2019.<\/p><p>\u00a0<\/p><\/div>\n\t\t\t\t<\/div>\n\t\t\t\t<\/div>\n\t\t\t\t\t\t<\/div>\n\t\t\t\t\t<\/div>\n\t\t<\/div>\n\t\t\t\t\t\t\t\t<\/div>\n\t\t\t\t\t<\/div>\n\t\t<\/section>\n\t\t\t\t<section class=\"elementor-section elementor-top-section elementor-element elementor-element-719e2b4 elementor-section-boxed elementor-section-height-default elementor-section-height-default\" data-id=\"719e2b4\" data-element_type=\"section\">\n\t\t\t\t\t\t<div class=\"elementor-container elementor-column-gap-default\">\n\t\t\t\t\t\t\t<div class=\"elementor-row\">\n\t\t\t\t\t<div class=\"elementor-column elementor-col-100 elementor-top-column elementor-element elementor-element-b02befd\" data-id=\"b02befd\" data-element_type=\"column\">\n\t\t\t<div class=\"elementor-column-wrap elementor-element-populated\">\n\t\t\t\t\t\t\t<div class=\"elementor-widget-wrap\">\n\t\t\t\t\t\t<div class=\"elementor-element elementor-element-b4ef92e elementor-widget elementor-widget-spacer\" data-id=\"b4ef92e\" data-element_type=\"widget\" data-widget_type=\"spacer.default\">\n\t\t\t\t<div class=\"elementor-widget-container\">\n\t\t\t\t\t<div class=\"elementor-spacer\">\n\t\t\t<div class=\"elementor-spacer-inner\"><\/div>\n\t\t<\/div>\n\t\t\t\t<\/div>\n\t\t\t\t<\/div>\n\t\t\t\t<div class=\"elementor-element elementor-element-789628f elementor-aspect-ratio-169 elementor-widget elementor-widget-video\" data-id=\"789628f\" data-element_type=\"widget\" data-settings=\"{&quot;youtube_url&quot;:&quot;https:\\\/\\\/youtu.be\\\/n5tyQiYlq3M&quot;,&quot;video_type&quot;:&quot;youtube&quot;,&quot;controls&quot;:&quot;yes&quot;,&quot;aspect_ratio&quot;:&quot;169&quot;}\" data-widget_type=\"video.default\">\n\t\t\t\t<div class=\"elementor-widget-container\">\n\t\t\t\t\t<div class=\"elementor-wrapper elementor-fit-aspect-ratio elementor-open-inline\">\n\t\t\t<div class=\"elementor-video\"><\/div>\t\t<\/div>\n\t\t\t\t<\/div>\n\t\t\t\t<\/div>\n\t\t\t\t<div class=\"elementor-element elementor-element-3f099d0 elementor-widget elementor-widget-spacer\" data-id=\"3f099d0\" data-element_type=\"widget\" data-widget_type=\"spacer.default\">\n\t\t\t\t<div class=\"elementor-widget-container\">\n\t\t\t\t\t<div class=\"elementor-spacer\">\n\t\t\t<div class=\"elementor-spacer-inner\"><\/div>\n\t\t<\/div>\n\t\t\t\t<\/div>\n\t\t\t\t<\/div>\n\t\t\t\t\t\t<\/div>\n\t\t\t\t\t<\/div>\n\t\t<\/div>\n\t\t\t\t\t\t\t\t<\/div>\n\t\t\t\t\t<\/div>\n\t\t<\/section>\n\t\t\t\t\t\t<\/div>\n\t\t\t\t\t\t<\/div>\n\t\t\t\t\t<\/div>\n\t\t","protected":false},"excerpt":{"rendered":"<p>Le Podc&rsquo;art \u00e9pisode 5 est disponible ! Dans cet \u00e9pisode, nous recevons Tim Zdey, artiste street art. Il nous parle de son parcours, et de la fresque \u00ab Liesse vagabonde d\u2019un monde riant \u00bb, r\u00e9alis\u00e9e pour une r\u00e9sidence \u00e9tudiante \u00e0 Villejuif par Bouygues et Linkcity, pour laquelle il a remport\u00e9 le prix \u00ab\u00a0un Immeuble une [&hellip;]<\/p>\n","protected":false},"author":1,"featured_media":0,"parent":0,"menu_order":0,"comment_status":"closed","ping_status":"closed","template":"","meta":{"spay_email":""},"yoast_head":"<!-- This site is optimized with the Yoast SEO plugin v15.9.1 - https:\/\/yoast.com\/wordpress\/plugins\/seo\/ -->\n<title>\u00c9pisode 5 : Tim Zdey - Monumentart<\/title>\n<meta name=\"robots\" content=\"index, follow, max-snippet:-1, max-image-preview:large, max-video-preview:-1\" \/>\n<link rel=\"canonical\" href=\"https:\/\/agencemonumentart.com\/index.php\/episode-5-tim-zdey\/\" \/>\n<meta property=\"og:locale\" content=\"fr_FR\" \/>\n<meta property=\"og:type\" content=\"article\" \/>\n<meta property=\"og:title\" content=\"\u00c9pisode 5 : Tim Zdey - Monumentart\" \/>\n<meta property=\"og:description\" content=\"Le Podc&rsquo;art \u00e9pisode 5 est disponible ! Dans cet \u00e9pisode, nous recevons Tim Zdey, artiste street art. Il nous parle de son parcours, et de la fresque \u00ab Liesse vagabonde d\u2019un monde riant \u00bb, r\u00e9alis\u00e9e pour une r\u00e9sidence \u00e9tudiante \u00e0 Villejuif par Bouygues et Linkcity, pour laquelle il a remport\u00e9 le prix \u00ab\u00a0un Immeuble une [&hellip;]\" \/>\n<meta property=\"og:url\" content=\"https:\/\/agencemonumentart.com\/index.php\/episode-5-tim-zdey\/\" \/>\n<meta property=\"og:site_name\" content=\"Monumentart\" \/>\n<meta property=\"article:modified_time\" content=\"2021-06-16T09:59:43+00:00\" \/>\n<meta property=\"og:image\" content=\"https:\/\/agencemonumentart.com\/wp-content\/uploads\/2021\/03\/Photo-Tim-3.png\" \/>\n<meta name=\"twitter:card\" content=\"summary_large_image\" \/>\n<meta name=\"twitter:label1\" content=\"Dur\u00e9e de lecture est.\">\n\t<meta name=\"twitter:data1\" content=\"1 minute\">\n<script type=\"application\/ld+json\" class=\"yoast-schema-graph\">{\"@context\":\"https:\/\/schema.org\",\"@graph\":[{\"@type\":\"Organization\",\"@id\":\"https:\/\/agencemonumentart.com\/#organization\",\"name\":\"Monumentart\",\"url\":\"https:\/\/agencemonumentart.com\/\",\"sameAs\":[\"https:\/\/www.instagram.com\/agencemonumentart\/?hl=fr\",\"https:\/\/www.linkedin.com\/company\/agence-monumentart\/\"],\"logo\":{\"@type\":\"ImageObject\",\"@id\":\"https:\/\/agencemonumentart.com\/#logo\",\"inLanguage\":\"fr-FR\",\"url\":\"https:\/\/agencemonumentart.com\/wp-content\/uploads\/2021\/01\/cropped-logo-monumentART-03-1.png\",\"width\":512,\"height\":512,\"caption\":\"Monumentart\"},\"image\":{\"@id\":\"https:\/\/agencemonumentart.com\/#logo\"}},{\"@type\":\"WebSite\",\"@id\":\"https:\/\/agencemonumentart.com\/#website\",\"url\":\"https:\/\/agencemonumentart.com\/\",\"name\":\"Agence monumentart\",\"description\":\"\",\"publisher\":{\"@id\":\"https:\/\/agencemonumentart.com\/#organization\"},\"potentialAction\":[{\"@type\":\"SearchAction\",\"target\":\"https:\/\/agencemonumentart.com\/?s={search_term_string}\",\"query-input\":\"required name=search_term_string\"}],\"inLanguage\":\"fr-FR\"},{\"@type\":\"ImageObject\",\"@id\":\"https:\/\/agencemonumentart.com\/index.php\/episode-5-tim-zdey\/#primaryimage\",\"inLanguage\":\"fr-FR\",\"url\":\"https:\/\/agencemonumentart.com\/wp-content\/uploads\/2021\/03\/Photo-Tim-3.png\",\"width\":602,\"height\":659},{\"@type\":\"WebPage\",\"@id\":\"https:\/\/agencemonumentart.com\/index.php\/episode-5-tim-zdey\/#webpage\",\"url\":\"https:\/\/agencemonumentart.com\/index.php\/episode-5-tim-zdey\/\",\"name\":\"\\u00c9pisode 5 : Tim Zdey - Monumentart\",\"isPartOf\":{\"@id\":\"https:\/\/agencemonumentart.com\/#website\"},\"primaryImageOfPage\":{\"@id\":\"https:\/\/agencemonumentart.com\/index.php\/episode-5-tim-zdey\/#primaryimage\"},\"datePublished\":\"2021-06-01T07:10:48+00:00\",\"dateModified\":\"2021-06-16T09:59:43+00:00\",\"breadcrumb\":{\"@id\":\"https:\/\/agencemonumentart.com\/index.php\/episode-5-tim-zdey\/#breadcrumb\"},\"inLanguage\":\"fr-FR\",\"potentialAction\":[{\"@type\":\"ReadAction\",\"target\":[\"https:\/\/agencemonumentart.com\/index.php\/episode-5-tim-zdey\/\"]}]},{\"@type\":\"BreadcrumbList\",\"@id\":\"https:\/\/agencemonumentart.com\/index.php\/episode-5-tim-zdey\/#breadcrumb\",\"itemListElement\":[{\"@type\":\"ListItem\",\"position\":1,\"item\":{\"@type\":\"WebPage\",\"@id\":\"https:\/\/agencemonumentart.com\/\",\"url\":\"https:\/\/agencemonumentart.com\/\",\"name\":\"Accueil\"}},{\"@type\":\"ListItem\",\"position\":2,\"item\":{\"@type\":\"WebPage\",\"@id\":\"https:\/\/agencemonumentart.com\/index.php\/episode-5-tim-zdey\/\",\"url\":\"https:\/\/agencemonumentart.com\/index.php\/episode-5-tim-zdey\/\",\"name\":\"\\u00c9pisode 5 : Tim Zdey\"}}]}]}<\/script>\n<!-- \/ Yoast SEO plugin. -->","_links":{"self":[{"href":"https:\/\/agencemonumentart.com\/index.php\/wp-json\/wp\/v2\/pages\/2301"}],"collection":[{"href":"https:\/\/agencemonumentart.com\/index.php\/wp-json\/wp\/v2\/pages"}],"about":[{"href":"https:\/\/agencemonumentart.com\/index.php\/wp-json\/wp\/v2\/types\/page"}],"author":[{"embeddable":true,"href":"https:\/\/agencemonumentart.com\/index.php\/wp-json\/wp\/v2\/users\/1"}],"replies":[{"embeddable":true,"href":"https:\/\/agencemonumentart.com\/index.php\/wp-json\/wp\/v2\/comments?post=2301"}],"version-history":[{"count":10,"href":"https:\/\/agencemonumentart.com\/index.php\/wp-json\/wp\/v2\/pages\/2301\/revisions"}],"predecessor-version":[{"id":2404,"href":"https:\/\/agencemonumentart.com\/index.php\/wp-json\/wp\/v2\/pages\/2301\/revisions\/2404"}],"wp:attachment":[{"href":"https:\/\/agencemonumentart.com\/index.php\/wp-json\/wp\/v2\/media?parent=2301"}],"curies":[{"name":"wp","href":"https:\/\/api.w.org\/{rel}","templated":true}]}}